{"id":53,"date":"2023-04-03T14:47:54","date_gmt":"2023-04-03T17:47:54","guid":{"rendered":"https:\/\/gsoftwares.com\/site\/?post_type=product&#038;p=53"},"modified":"2023-06-17T14:55:00","modified_gmt":"2023-06-17T17:55:00","slug":"contesc-controle-escolar-controle-de-mensalidades-por-1-ano","status":"publish","type":"product","link":"https:\/\/gsoftwares.com\/site\/contesc-controle-escolar-controle-de-mensalidades-por-1-ano\/","title":{"rendered":"ContESC &#8211; Controle Escolar + Controle De Mensalidades por 1 Ano"},"content":{"rendered":"<p>O ContESC &#8211; Controle Escolar \u00e9 um programa para o controle de alunos e administra\u00e7\u00e3o de escolas e cursos. Principais recursos:<\/p>\n<p>&#8211; M\u00f3dulos para cadastro de disciplinas e turmas.<br \/>\n&#8211; Edi\u00e7\u00e3o de grades curriculares.<br \/>\n&#8211; Cadastro de alunos e professores.<br \/>\n&#8211; Controle de matr\u00edculas com mudan\u00e7as de turmas e rematr\u00edcula.<br \/>\n&#8211; Controle de notas com boletim e hist\u00f3rico escolar.<br \/>\n&#8211; Ata de resultados por bimestre.<br \/>\n&#8211; Controle de secretaria com declara\u00e7\u00f5es, certificados de conclus\u00e3o, recibos e carteirinhas.<br \/>\n&#8211; Controle pedag\u00f3gico com registros de ocorr\u00eancias, entrevistas, prontu\u00e1rios e alunos atrasados.<br \/>\n&#8211; Acesso multi-usu\u00e1rio.<br \/>\n&#8211; Permite o funcionamento em rede mediante a aquisi\u00e7\u00e3o de licen\u00e7as adicionais.<br \/>\n&#8211; Entre outros recursos.<\/p>\n<p>Esta op\u00e7\u00e3o de compra inclui o m\u00f3dulo para controlar os pagamentos dos alunos durante o per\u00edodo de 1 ano.<\/p>\n<p>Baixe e instale uma demonstra\u00e7\u00e3o gratuita usando o instalador dispon\u00edvel no link abaixo:<\/p>\n<p><a href=\"https:\/\/www.gsoftwares.com\/Progs\/OffEscola.exe\">https:\/\/www.gsoftwares.com\/Progs\/OffEscola.exe<\/a><\/p>\n","protected":false},"excerpt":{"rendered":"<p>O ContESC &#8211; Controle Escolar \u00e9 um programa para o controle de alunos e administra\u00e7\u00e3o de escolas e cursos. Principais recursos: &#8211; M\u00f3dulos para cadastro de disciplinas e turmas. &#8211; Edi\u00e7\u00e3o de grades curriculares. &#8211; Cadastro de alunos e professores. &#8211; Controle de matr\u00edculas com mudan\u00e7as de turmas e rematr\u00edcula. &#8211; Controle de notas com [&hellip;]<\/p>\n","protected":false},"featured_media":143,"comment_status":"open","ping_status":"closed","template":"","meta":[],"product_brand":[],"product_cat":[18],"product_tag":[],"class_list":{"0":"post-53","1":"product","2":"type-product","3":"status-publish","4":"has-post-thumbnail","6":"product_cat-negocios","8":"first","9":"instock","10":"shipping-taxable","11":"purchasable","12":"product-type-simple"},"_links":{"self":[{"href":"https:\/\/gsoftwares.com\/site\/wp-json\/wp\/v2\/product\/53","targetHints":{"allow":["GET"]}}],"collection":[{"href":"https:\/\/gsoftwares.com\/site\/wp-json\/wp\/v2\/product"}],"about":[{"href":"https:\/\/gsoftwares.com\/site\/wp-json\/wp\/v2\/types\/product"}],"replies":[{"embeddable":true,"href":"https:\/\/gsoftwares.com\/site\/wp-json\/wp\/v2\/comments?post=53"}],"wp:featuredmedia":[{"embeddable":true,"href":"https:\/\/gsoftwares.com\/site\/wp-json\/wp\/v2\/media\/143"}],"wp:attachment":[{"href":"https:\/\/gsoftwares.com\/site\/wp-json\/wp\/v2\/media?parent=53"}],"wp:term":[{"taxonomy":"product_brand","embeddable":true,"href":"https:\/\/gsoftwares.com\/site\/wp-json\/wp\/v2\/product_brand?post=53"},{"taxonomy":"product_cat","embeddable":true,"href":"https:\/\/gsoftwares.com\/site\/wp-json\/wp\/v2\/product_cat?post=53"},{"taxonomy":"product_tag","embeddable":true,"href":"https:\/\/gsoftwares.com\/site\/wp-json\/wp\/v2\/product_tag?post=53"}],"curies":[{"name":"wp","href":"https:\/\/api.w.org\/{rel}","templated":true}]}}